 What is the highest common factor of 80 and o?
16
Suppose 8*h - 935 = -9*h. Let w = h + -42. Calculate the greatest common factor of w and 65.
13
Suppose 649*j - 6 = 2*z + 659*j, 0 = -4*z + 3*j + 11. Suppose -5*r + p - 50 + 281 = 0, p = 4*r - 185. Calculate the highest common factor of r and z.
2
Let t = -57 + 92. Let r(q) = q**3 + q**2 - 3*q - 2. Let h be r(-2). Suppose h*k = 3*k - 42. What is the highest common divisor of t and k?
7
Suppose -24*f + 499 = -701. What is the greatest common divisor of 510 and f?
10
Let t(v) = -2*v**3 - 12*v**2 - 9*v - 24. Let r be t(-8). Suppose -r = -8*o + 208. What is the greatest common divisor of 112 and o?
16
Let n = -25338 - -32794. What is the greatest common factor of 233 and n?
233
Suppose -25*z + 8*z + 6596 = 0. Suppose 25 - z = -11*l. What is the greatest common factor of l and 121?
11
Suppose -4*m - 26 = -82. Suppose 3*r = 22 + m. Let y = -6339 + 6411. Calculate the highest common divisor of r and y.
12
Suppose -3*r + b + 673 = 0, 4*r - 1057 = -4*b - 165. Let n be -1 + 30 + (-1 - 0). Calculate the greatest common divisor of r and n.
28
Suppose 0 = 3*u + u - 56. Let w(h) = 8*h + 18. Let o = 15 + -17. Let n be w(o). Calculate the greatest common factor of n and u.
2
Let h(o) = -12*o - 291. Let t be h(-25). Suppose -t*y + 38 + 97 = 0. Calculate the highest common divisor of 345 and y.
15
Let j be (-8266)/(-18) + 6*(-2)/54. What is the highest common divisor of 4896 and j?
153
Suppose -3*o = 5*h - 2485, -31*h + 505 = -30*h - o. Calculate the greatest common divisor of h and 4.
4
Suppose 315937 = 217*u - 203127. Calculate the highest common divisor of u and 460.
92
Let n be (-3)/12 - 5/(-4). Let x(o) = 3*o**2 + 3*o. Let t be x(-2). Let d(q) = -q**2 + 4*q + 16. Let a be d(t). What is the greatest common divisor of n and a?
1
Let h be (-2)/1 - 40/(-2). Suppose 0 = -l - h + 106. Let b = -24099 - -24107. What is the highest common factor of b and l?
8
Suppose 5*o - 3*c + 8*c - 28570 = 0, 0 = -o - 3*c + 5718. What is the highest common divisor of o and 119?
119
Let p(x) = -x**2 + 28*x - 89. Let v be p(18). Let a be (-441)/v + 5 - (-3008)/52. What is the greatest common divisor of a and 87?
29
Let j be ((-2)/(216/294) + (-8)/(-36))*-58. Let k be 39 + (-2)/4*2. Suppose 24 + k = l - y, 3*y + 12 = 0. Calculate the highest common divisor of l and j.
29
Suppose -292 - 113 = -5*n. Suppose -563*j + 564*j - 6 = 0. What is the highest common divisor of j and n?
3
Let c be 0 - ((5 - 11) + -2499). Calculate the greatest common divisor of c and 30.
15
Let i(r) = -r**3 + 12*r**2 + 12*r - 63. Let n be i(6). Calculate the highest common factor of 1050 and n.
75
Suppose -w + 355 = -2*j, -5*w - j + 1739 = j. Let u = w + -244. What is the greatest common divisor of 45 and u?
15
Let w = 25 + -13. Let m be (-192)/(-14) + (-78)/(-273). Suppose 0 = 35*t + m*t - 9408. Calculate the highest common factor of t and w.
12
Suppose 44*h = 42*h + 6. Suppose 120 = a + h*k, 0 = 3*a - 2*k - 341 + 14. Let y = 186 - a. What is the greatest common divisor of y and 45?
15
Suppose 18 = 13*h - 7*h. Let n be (7 - 708/60)/(h/(-80)). Calculate the highest common divisor of 64 and n.
64
Suppose 190*x - 200*x + 22220 = 0. What is the highest common factor of 110 and x?
22
Let o(z) = 2*z**2 - 17*z. Suppose 3*p = 5*f - 53, -5*f - 3*p + 55 = -8*p. Let k be o(f). What is the greatest common divisor of 150 and k?
30
Suppose -3*w + 27*w + 527 = 20831. What is the greatest common factor of 36 and w?
18
Suppose -10 = -5*a, h = a - 100 + 9092. What is the greatest common divisor of h and 12?
6
Let b = -11477 - -11521. Calculate the highest common factor of 154 and b.
22
Let n(a) = 37*a + 505. Let y be n(10). Calculate the greatest common factor of y and 7.
7
Suppose 0 = 189*j - 5122 + 586. What is the greatest common factor of 2604 and j?
12
Suppose q = -2*q + 81. Let n be 8/(-6)*6/(-4). Suppose -n*t - 2*t = -144. What is the highest common divisor of t and q?
9
Let z(o) = -40*o - 9. Let i be z(-6). Let j be ((-6)/4)/(((-252)/(-24))/(-7)). Let w be -5 + j + 80 + -43. What is the highest common divisor of w and i?
33
Let l be 14/4*(3 - -27). Let a be 396/(-14) - 62/(-217). Let w be (5/2)/((-2)/a). What is the highest common divisor of w and l?
35
Let l(w) = 43*w**2 - w - 11. Let f be l(4). Suppose r + 2*k = -254 + f, k = -r + 416. Calculate the highest common divisor of r and 59.
59
Let j(l) = -7*l - 62. Let b = 352 + -369. Let u be j(b). What is the greatest common divisor of u and 57?
57
Suppose 3*g = -3*a + 36, -g = a + 2*g - 12. Suppose 7*z + 394 = 1269. Let y = z - 109. Calculate the highest common divisor of y and a.
4
Suppose 6*x - 4*j - 452 = 3*x, -3*x + 3*j = -447. Let u be x/8 - -1*4. Calculate the highest common divisor of u and 55.
11
Let g = 7541 - 7065. Calculate the highest common divisor of g and 84.
28
Let n(z) = 5*z**2 + 281*z + 624. Let p be n(-55). Calculate the highest common factor of 54 and p.
6
Let n = 282 - 276. Let f be (-256)/n*(-300)/40. What is the highest common factor of 64 and f?
64
Let m be -1*10/5 - -303. Suppose 9*c + 67 - m = 0. Suppose -436 = -2*u + 5*o - o, 3*u - 4*o = 644. Calculate the highest common divisor of u and c.
26
Let q = 42520 - 41635. What is the greatest common factor of q and 15399?
177
Let a(i) = -i**3 + 9*i**2 + 10*i + 1. Let k be a(10). Let q be -4 + (0 + 50)*k. Let t = 59 + 56. What is the greatest common divisor of q and t?
23
Let q be 3/1 + 10 + -11. Suppose -539 = -q*k - 133. Let g be (-3 - (-46)/(-4))*-2. What is the highest common factor of k and g?
29
Let a = -6 + 153. Let z = 265 + -202. Let n = a - z. What is the highest common divisor of n and 14?
14
Suppose 118 = 4*f - 2*n, n = 4*f - f - 91. Let v be 506 - 8*(-9)/12. Calculate the greatest common factor of v and f.
32
Let f = -659 - -662. Suppose 0 = 16*x - 15*x + 5*i - 55, f*x - 105 = -3*i. What is the greatest common divisor of x and 160?
10
Suppose 29*t = 24*t + 5*p + 330, 2*t = 5*p + 138. Calculate the highest common factor of 296 and t.
8
Let w be 4*(-2)/(-4) + -191. Suppose -2*n + 18 = 2*d + 292, -5*n - 3*d - 677 = 0. Let v = n - w. Calculate the highest common factor of v and 14.
14
Suppose 3*z + 4*z - 265 = 211. Calculate the greatest common factor of 10268 and z.
68
Let h be ((-8)/(-12))/((-336)/(-80136)). Calculate the greatest common divisor of 3233 and h.
53
Suppose 8*b - 22598 - 141026 = 0. Calculate the greatest common divisor of 181 and b.
181
Let b = 42 - 12. Suppose 0 = 5*m + 5 - b. Suppose -41*i = -1031 + 6. Calculate the highest common factor of m and i.
5
Let d be 2451/13 + (12/14)/((-6123)/(-3297)). Calculate the greatest common divisor of 1113 and d.
21
Suppose 13*u - 176 = -59. Suppose -u = -8*r + 5*r. Calculate the greatest common factor of 2 and r.
1
Suppose -4*q + 5*w = -15, -w + 7 = q + w. Suppose v - q = -1. Let f(o) = -3*o + 112. Let z be f(36). Calculate the greatest common divisor of v and z.
4
Suppose -5 = -v - 0. Suppose v*i - 130 = 50. Let w(z) = z + 14. Let m be w(4). What is the highest common factor of m and i?
18
Suppose 558*z + 234*z - 123828 = 185*z. Suppose 0 = -0*k + k - 68. What is the highest common factor of z and k?
68
Let b be -22 + 17 - (3 + -11). Suppose 3*c - m - 420 = -5*m, 0 = b*c - m - 405. What is the highest common factor of 17 and c?
17
Let d(v) = 8*v**2 - 76*v - 3073. Let a be d(-29). Calculate the highest common factor of 62 and a.
31
Let d(c) = c**3 + 64*c**2 - 201*c + 105. Let k be d(-67). Let v = -6 + 16. Suppose -35 = -3*s + v. Calculate the highest common divisor of s and k.
15
Let k = 48 + 15. Let o = -151 - -270. Suppose 5*s = o - 14. Calculate the greatest common divisor of s and k.
21
Suppose -y - 89 + 16 = 0. Let a = y - -143. Suppose -7*d + 84 = -4*d. Calculate the greatest common factor of d and a.
14
Let s be (642/42 - -1) + 4/(-14). Suppose s*f + 387 = 2947. Calculate the highest common factor of f and 20.
20
Let l(k) = -2*k**2 + 61*k - 37. Let j be l(27). Calculate the greatest common factor of 38 and j.
38
Let j be 52/2*(-69 + 70). What is the highest common divisor of 1157 and j?
13
Let u = -239 + 244. Suppose -u*v - 2*t = -11 - 70, v + 2*t = 21. What is the highest common divisor of 25 and v?
5
Suppose 0 = 3*p - m - 499, 2*p + 1767*m - 1764*m - 351 = 0. What is the h